. Suppose -3*q + 339 = -r*m - m, -3*q + 2*m + 342 = 0. What are the prime factors of q?
2, 29
Let a be (6 + 0)*(-8)/12*-2. Suppose 0 = 10*g - a*g - 210. What are the prime factors of g?
3, 5, 7
Let v be 3127/((-1)/(-1)) - -3. Let u be (-1)/2 + v/20. Suppose 0 = 4*c - u - 72. List the prime factors of c.
3, 19
Let j(i) = -3*i**2 + 33*i + 54. Let t = 14 - 21. Let v(u) = -u**2 + 11*u + 18. Let p(m) = t*v(m) + 2*j(m). List the prime factors of p(14).
2, 3
Let b = -408 + 408. Suppose -207*s + 206*s + 436 = b. List the prime factors of s.
2, 109
Let i be (79 - 71) + 1*-2. List the prime factors of (3/i)/(18/10188).
283
Let w be -1 + (-1 + -2 - -7). Let i be (w/6)/(4/(-96)). Let t = 24 + i. List the prime factors of t.
2, 3
Suppose -17*w - 122 = -19*w. Let x be -6*6/(-9) - -109. Let q = x - w. List the prime factors of q.
2, 13
Suppose 200745 = -9*l + 14*l + 40*l. What are the prime factors of l?
3, 1487
Suppose -135 = -5*c + 4*p, 4*c + 2*p = 8*c - 108. Suppose 5*i + 25 = t, -2*t - 4*i + 7 - c = 0. Suppose -6*q + 10*q - 324 = t. List the prime factors of q.
3
Let j(i) be the third derivative of -1/15*i**5 + 1/120*i**6 - 7/6*i**3 - 36*i**2 - 5/24*i**4 + 0*i + 0. What are the prime factors of j(6)?
5, 7
Suppose 2*a + 3*m = 1521, -5*a + 3768 = -0*a - 4*m. What are the prime factors of a?
2, 3, 7
Suppose -9 = 4*g + 3*v, -12 = 2*g + 3*g + 4*v. Suppose 20 = 2*z + i + 3*i, 4*i - 20 = g. What are the prime factors of 2 - (-15 + 2 - z)?
3, 5
Let h = -85391 + 148867. List the prime factors of h.
2, 7, 2267
Suppose -19*w - 87364 = -322755. What are the prime factors of w?
13, 953
Let z be (-448)/6*(20/(-120))/(2/90). Suppose -3*t - 9 = -4*j, 1 = -2*t + 3. What are the prime factors of z/7*(-2 + j)?
2, 5
Let w = 9842 + -3339. List the prime factors of w.
7, 929
Suppose 7*l - 2*l - 60 = 0. Suppose -l*f + 28 = -20. Suppose f*i + 28 = 4*h, 2*i = -2*h + 3*i + 10. What are the prime factors of h?
3
Suppose 5*d - 2*g + 589 = 0, -4*g = -37*d + 36*d - 125. Let s = -12 - d. What are the prime factors of s?
3, 5, 7
Suppose -7*f + 76 = -3*f. Let j = 1774 + -1194. Suppose 15*y + j = f*y. What are the prime factors of y?
5, 29
Suppose -2*k = 5*q - 15, -3*k + 3*q - 6*q + 18 = 0. Suppose k*d = -4*m - 0*d + 1209, 2*d = -3*m + 898. Let z = -66 + m. What are the prime factors of z?
2, 5, 23
Let d = 87 - 82. Suppose 2*s = -d*x - 0*x + 1503, 3*x + 2265 = 3*s. List the prime factors of s.
2, 13, 29
Let h(q) = q**2 + 39. Let z(l) = l**2 + l + 39. Let p(s) = 6*h(s) - 5*z(s). List the prime factors of p(-16).
3, 5
Let t be (-2)/(((-8)/(-4))/(-1)) - -390. Suppose 2*w + 3*h - 1233 = -w, 3*h + t = w. Suppose 0 = -10*y + 944 + w. What are the prime factors of y?
3, 5
List the prime factors of (-8)/((-56)/39137) - 14.
3, 11, 13
Let s = 51189 - 44807. List the prime factors of s.
2, 3191
List the prime factors of (-9803)/(-1) - (-76 - -75).
2, 3, 19, 43
Let k be (27/5)/(53/265). Let i = -14 + 11. Let o = i + k. What are the prime factors of o?
2, 3
Let o be (-4255720)/(-260) - (-3 - 82/(-26)). Suppose 0 = -11*g + 33*g - o. List the prime factors of g.
2, 3, 31
Suppose 0 = -24*u + u + 115. Suppose 0*k + 258 = 2*t - 2*k, 4*t - u*k = 521. What are the prime factors of t?
2, 31
Suppose 4*c = 58 - 350. Let n = c - -97. Let j(z) = z**2 - 25*z + 74. List the prime factors of j(n).
2, 5
Let z(j) = -99*j + 24. Let b be z(-10). Let i = b + 353. What are the prime factors of i?
1367
Let k = 151 - 153. What are the prime factors of 16/k + (-60306)/(-57)?
2, 3, 5, 7
Let p = 0 + 10. List the prime factors of (-157 - -8)/(1 - 12/p).
5, 149
Let y(x) = -17*x - 7. Let t be y(5). Let m = 190 + t. What are the prime factors of m*(7 - 6) - 4/2?
2, 3
Let z(i) = 4*i - 6. Let f be z(3). Suppose n + 5*j = -2*n + 34, 2*j = 3*n - 20. Suppose -f*b = n*b - 2576. What are the prime factors of b?
2, 23
Suppose 0 = 23*l - 24*l - 66. Let w = 63 + l. Let f(n) = -20*n + 2. List the prime factors of f(w).
2, 31
Suppose 3*s + 32931 = 6*d + 147591, 3*d = -3*s + 114660. List the prime factors of s.
2, 3, 5, 7, 13
Suppose 3*y + 20934 = -3*v + 64452, 2*v - 72530 = -5*y. List the prime factors of y.
2, 7253
Suppose 35*u + 86206 = 50*u - 100484. What are the prime factors of u?
2, 7, 127
Let a = -2646 + 13855. List the prime factors of a.
11, 1019
Suppose -30*u = -382529 - 299251. What are the prime factors of u?
2, 11, 1033
Suppose 0*p + 7092 = 4*p - 2*p. List the prime factors of p.
2, 3, 197
Let s be 1*(-9)/3 - -9. Suppose s*o - 10 = 14. Suppose -4*t - 3*n + 2*n + 303 = 0, -o*t - 5*n + 315 = 0. What are the prime factors of t?
3, 5
Suppose -10 = m - 142. Suppose 5*r - 607 = -m. List the prime factors of r*1 + 18/(-9).
3, 31
Suppose 4 = 3*m + 13. Let f be (m/(-6))/(14/(-4) + 3). Let t(w) = -66*w**3 + w**2 - 1. List the prime factors of t(f).
2, 3, 11
Suppose 5*h = 3*u - u + 15, 0 = -3*u - h + 20. Suppose 0 = u*q + q + 54. Let t = q + 45. What are the prime factors of t?
2, 3
Suppose x - 3 = -3*n, x + 4*n - 4 = -x. Suppose 7*c + 156 - 737 = x. List the prime factors of c.
83
Let k(x) = x**3 + 21*x**2 - 23*x - 19. Let w be k(-22). Let z(l) = 228*l - 42. What are the prime factors of z(w)?
2, 3, 107
Suppose 60*t - 17534 = 49*t. What are the prime factors of t?
2, 797
Suppose -3*c - 20294 = 5*m - 58725, 5*c - 64015 = -m. List the prime factors of c.
2, 37, 173
Let i = 62 + -60. Suppose m = 2*y - 13, -6*m + i*m - 31 = -5*y. What are the prime factors of (-8)/(-8) - y*-13?
2, 23
Let u(j) = -102*j + 116. Let n be u(-5). Suppose n + 1888 = 6*v. List the prime factors of v.
419
Suppose 4314*m = 4297*m + 241536. What are the prime factors of m?
2, 3, 37
Suppose 5 = y + u, 1 + 0 = y - u. Suppose -2*q = 3*j - 4*j + 299, -5*j + 1530 = -y*q. List the prime factors of j.
3, 103
Suppose m = -4*h - 0*m + 1327, 5*h + 4*m = 1667. Let f = h + -81. Suppose b - 3*a = -61 + f, -25 = 5*a. List the prime factors of b.
2, 3, 29
Let o(q) = -567*q + 2599. List the prime factors of o(-27).
2, 11, 37
Let v = 96850 - 54034. List the prime factors of v.
2, 3, 223
Suppose -4032150 + 750625 = -115*t. What are the prime factors of t?
5, 13, 439
Let m(l) = 14*l**2 - 115*l + 40. List the prime factors of m(-21).
8629
Suppose y + p - 52 = 0, -5*y + 39 = -3*p - 181. Suppose y*w = 5292 + 20840. What are the prime factors of w?
2, 139
Suppose q = 3*w + 1222, 0*w = q - 4*w - 1226. Let f = -992 + q. List the prime factors of f.
2, 109
Let g = -208 + 192. Let k(p) = -86*p - 116. What are the prime factors of k(g)?
2, 3, 5, 7
Let x(w) = -106*w + 4858. List the prime factors of x(0).
2, 7, 347
Let t(z) = -107*z - 16. Let l(w) = -215*w - 30. Let b(q) = -2*l(q) + 5*t(q). What are the prime factors of b(-4)?
2, 5
Let l be 0 + (-58)/4 - (-6)/(-12). What are the prime factors of ((-3230)/l - -8) + 2/3?
2, 7
Let t = -7877 - -15194. List the prime factors of t.
3, 271
Suppose -11*s + 3810 = 4*s. Let d = 867 - s. What are the prime factors of d?
613
Let h be 11/((-66)/(-24))*134/4. Let o = 130 - h. List the prime factors of (2/o)/(1/(-14)) - -2.
3
Let y(x) = -5*x**2 + 24*x + 24. Let m be y(6). Let p(d) = 2*d**2 + 6*d - 130. What are the prime factors of p(m)?
2, 43
Let w(x) = -12 - 2*x**2 - 106*x + 104*x + 0*x**2 + 4*x**3. List the prime factors of w(5).
2, 107
Suppose -4 = -u, 4*a - u = -5 - 3. List the prime factors of (2242 - (a + -2))*(-26)/(-65).
2, 449
Let z = -19410 + 35023. What are the prime factors of z?
13, 1201
Let n be (0 - (746 - 4)) + 4. Let y = n - -1113. Suppose 0 = -77*k + 80*k - y. What are the prime factors of k?
5
List the prime factors of (-1846)/(-1*(-22)/(-99)).
3, 13, 71
Let g(h) be the first derivative of 39*h**2 + 22*h + 4. Let t be g(18). Suppose t = 5*r + 521. What are the prime factors of r?
181
Suppose -5*s - 2*c - 116 = -s, -s - 5*c = 38. Let r be s/(-21)*-3 + 1*44. Suppose 296 - r = 4*a. What are the prime factors of a?
2
Suppose 0 = 4*x + 3*t - 82341, -102*x + 98*x - 4*t + 82340 = 0. List the prime factors of x.
2, 3, 47, 73
Let j(x) = -x**2 + 346*x + 31. List the prime factors of j(55).
2, 19, 211
Let j = -442 - -802. Let n = 1403 - j. What are the prime factors of n?
7, 149
What are the prime factors of (-304974)/4*(-116)/522?
16943
Let i = 112467 - 73571. List the prime factors of i.
2, 11, 13, 17
Let k = 58 + -53. Suppose 0 = a - k. List the 